ue
Is 61 a factor of 6544995?
True
Is 2143 a factor of 4061078686?
False
Is 8873905 a multiple of 31?
True
Is 49078896 a multiple of 565?
False
Is 21003192 a multiple of 1566?
True
Is 10 a factor of 95645289?
False
Does 4 divide 62558440?
True
Is 4885 a factor of 643584095?
True
Is 551428981 a multiple of 609?
False
Is 34 a factor of 2887279?
False
Is 2386 a factor of 945191057?
False
Is 1005558819 a multiple of 82?
False
Does 30 divide 3293005170?
True
Does 28 divide 1047070752?
True
Is 12 a factor of 200084664?
True
Does 361 divide 468066611?
False
Is 21 a factor of 338067345?
True
Is 63 a factor of 29306088?
True
Is 215 a factor of 182556045?
False
Is 480 a factor of 3690613967?
False
Does 274 divide 11016862?
False
Does 43 divide 90838016?
True
Is 130 a factor of 4019596880?
True
Is 8 a factor of 84351864?
True
Is 5 a factor of 1167254073?
False
Does 1026 divide 802911724?
False
Is 483195264 a multiple of 93?
True
Does 4142 divide 80396220?
True
Does 88 divide 591323437?
False
Is 2671 a factor of 507292346?
True
Is 28 a factor of 15542687?
False
Is 2949464555 a multiple of 91?
False
Is 1213084456 a multiple of 154?
False
Is 66 a factor of 73678374?
True
Does 217 divide 100469170?
False
Does 247 divide 1626723969?
True
Does 264 divide 1198562023?
False
Does 401 divide 15123725?
False
Does 133 divide 2204233738?
True
Does 284 divide 227536184?
False
Does 200 divide 253365565?
False
Does 109 divide 59131073?
False
Does 30 divide 3985575?
False
Is 500 a factor of 1325349832?
False
Is 80170953 a multiple of 1227?
True
Is 4176769344 a multiple of 264?
True
Does 9 divide 41121360?
True
Does 6 divide 73121318?
False
Is 145 a factor of 4002100920?
True
Is 910 a factor of 446349427?
False
Is 68793898 a multiple of 62?
True
Is 4084515 a multiple of 2085?
True
Is 1541 a factor of 99850282?
False
Is 81 a factor of 205948413?
True
Is 690 a factor of 1204436689?
False
Is 807 a factor of 331931871?
False
Is 647 a factor of 152495065?
False
Does 2098 divide 7457165?
False
Is 37 a factor of 24482633?
False
Is 90480037 a multiple of 133?
False
Is 139 a factor of 144829289?
False
Does 8114 divide 4241599568?
False
Is 43534021 a multiple of 10?
False
Is 876 a factor of 45784140?
True
Does 181 divide 36602725?
True
Does 5 divide 21251153?
False
Is 295348578 a multiple of 98?
True
Is 97328574 a multiple of 2199?
False
Is 718 a factor of 29909389?
False
Is 1251699510 a multiple of 818?
True
Is 304 a factor of 31864064?
True
Is 111667336 a multiple of 84?
False
Does 6 divide 17412108?
True
Does 1235 divide 971534980?
True
Does 4266 divide 3972840629?
False
Is 64615584 even?
True
Does 646 divide 411994222?
False
Is 65 a factor of 186663214?
False
Does 1430 divide 492037130?
False
Is 26090954 a multiple of 21?
False
Is 497365120 a multiple of 224?
True
Is 91691418 a multiple of 183?
True
Does 1672 divide 163338783?
False
Is 1574565846 a multiple of 14?
True
Does 34 divide 969348?
False
Does 37 divide 561125297?
False
Is 10473810 a multiple of 545?
True
Is 1039905044 a multiple of 24?
False
Does 141 divide 5053017?
True
Does 71 divide 76108237?
True
Is 70 a factor of 1037680?
True
Is 38 a factor of 266377298?
False
Is 16 a factor of 23726112?
True
Is 661313518 a multiple of 102?
False
Is 80300218 a multiple of 10?
False
Does 1405 divide 314554210?
True
Is 817 a factor of 2395618689?
False
Does 816 divide 20314320?
True
Is 31932495 a multiple of 8?
False
Is 77283328 a multiple of 712?
True
Is 9312584 a multiple of 197?
True
Does 66 divide 24126409?
False
Is 16632968 a multiple of 44?
True
Is 45421801 a multiple of 19?
False
Is 530060794 a multiple of 5100?
False
Is 222106728 a multiple of 12?
True
Is 3785 a factor of 2195046405?
True
Is 171 a factor of 15394140?
False
Is 6 a factor of 114462570?
True
Is 52524130 a multiple of 4?
False
Is 33 a factor of 121936947?
True
Is 107 a factor of 205570112?
True
Is 11 a factor of 1536189006?
True
Is 99 a factor of 180587286?
True
Is 147580956 a multiple of 93?
True
Is 38 a factor of 393984?
True
Does 111 divide 301696779?
True
Is 72 a factor of 31209624?
True
Does 942 divide 332669184?
True
Does 36 divide 101336920?
False
Is 21809745 a multiple of 41?
True
Does 4 divide 299578234?
False
Is 21 a factor of 59963106?
True
Is 6627 a factor of 601177393?
False
Is 77 a factor of 1735965?
True
Is 203 a factor of 8572690?
True
Is 49759344 a multiple of 36?
True
Is 346 a factor of 57073235?
False
Is 158 a factor of 393641959?
False
Does 4780 divide 419770040?
True
Does 73 divide 70808302?
False
Does 37 divide 110980612?
True
Is 948894287 a multiple of 6523?
True
Is 939306194 a multiple of 41?
False
Is 2426 a factor of 68767083?
False
Is 61181757 a multiple of 13?
True
Is 58 a factor of 5406074092?
True
Is 20786458 a multiple of 146?
True
Is 67 a factor of 481663570?
False
Is 130 a factor of 75171176?
False
Is 6 a factor of 195069192?
True
Does 57 divide 35718501?
False
Is 362755434 a multiple of 811?
True
Is 4746 a factor of 1519683438?
True
Does 4643 divide 261010888?
True
Is 14 a factor of 263515097?
False
Is 26769915 a multiple of 13?
False
Does 61 divide 117318677?
True
Is 60 a factor of 31287240?
True
Is 79892722 a multiple of 169?
True
Does 246 divide 47076912?
False
Is 25499526 a multiple of 17?
False
Does 193 divide 44950180?
False
Does 20 divide 8587202539?
False
Is 89071867 a multiple of 19?
True
Is 21448544 a multiple of 4388?
True
Does 18 divide 7290634?
False
Does 2456 divide 555638072?
True
Does 2493 divide 136427151?
False
Is 4974496795 a multiple of 24?
False
Is 2336 a factor of 121182957?
False
Is 550 a factor of 14793989?
False
Does 2 divide 3703565?
False
Does 458 divide 235549060?
False
Is 39 a factor of 132228987?
False
Does 18 divide 226916244?
True
Does 2996 divide 81053762?
False
Does 20 divide 81914475?
False
Is 3 a factor of 76326192?
True
Does 2069 divide 1353750838?
True
Does 1388 divide 40821080?
True
Does 46 divide 159382195?
False
Does 650 divide 184456350?
True
Is 972 a factor of 1834342245?
False
Is 27858492 a multiple of 81?
True
Does 64 divide 357632?
True
Does 479 divide 8215808?
True
Does 36 divide 65258201?
False
Is 483449964 a multiple of 291?
False
Does 75 divide 398011875?
True
Is 2786 a factor of 267770818?
True
Does 210 divide 300217680?
True
Does 427 divide 169429757?
True
Is 282419268 a multiple of 538?
False
Is 168150921 a multiple of 14?
False
Is 2300 a factor of 484837700?
True
Does 2087 divide 68568806?
False
Is 1761194763 a multiple of 26?
False
Does 37 divide 18878880?
True
Is 107219807 a multiple of 6?
False
Does 31 divide 9311098?
True
Is 1313 a factor of 29059367?
False
Does 2406 divide 59519392?
False
Does 57 divide 58973511?
True
Is 953 a factor of 90608775?
False
Does 29 divide 502526036?
True
Is 4 a factor of 63004828?
True
Is 7 a factor of 334665632?
True
Does 61 divide 2039500718?
True
Is 12764459 a multiple of 13?
False
Is 93 a factor of 413111769?
False
Is 10974628 a multiple of 4?
True
Does 63 divide 32140961?
False
Does 126 divide 311794434?
True
Is 3183183534 a multiple of 402?
True
Is 41881518 a multiple of 112?
False
Is 121 a factor of 7441018?
False
Is 212539502 a multiple of 59?
False
Is 665 a factor of 41912452?
False
Is 845 a factor of 7190656?
False
Is 1380640768 a multiple of 2704?
True
Is 128 a factor of 135235456?
True
Is 2037335004 a multiple of 3348?
True
Is 500964 a multiple of 1221?
False
Is 6 a factor of 65539184?
False
Is 5041037126 a multiple of 8?
False
Is 572 a factor of 6802096?
False
Is 442 a factor of 29044470?
False
Is 6055530 a multiple of 5?
True
Is 22 a factor of 82384447?
False
Does 2540 divide 532883290?
False
Is 22 a factor of 1751878304?
True
Does 257 divide 141049453?
False
Is 1841640 a multiple of 20?
True
Is 15 a factor of 16732680?
True
Is 6485563 even?
False
Is 244 a factor of 9751460?
True
Does 6 divide 399929080?
False
Is 1104 a factor of 51450816?
True
Is 25396816 a multiple of 756?
False
Does 6 divide 201205727?
False
Does 90 divide 313563394?
False
Is 23980347 a multiple of 27?
True
Is 173888 a multiple of 52?
True
Is 167 a factor of 11146116?
False
Is 138749389 a multiple of 32?
False
Is 31 a factor of 119334097?
True
Is 185304474 a multiple of 4383?
True
Does 947 divide 9429279?
True
Is 11855 a factor of 241592552?
False
Does 